, -q + 6 = 8. What are the prime factors of h?
5, 59
Let r(j) = -38*j**2 + 3*j - 1. Suppose -v - 1 = 5. Let n(x) = 229*x**2 - 19*x + 7. Let p(g) = v*n(g) - 39*r(g). What are the prime factors of p(-1)?
2, 3
Suppose 34273 = -11*z + 130941. What are the prime factors of z?
2, 13
Let m = 15718 - 7232. List the prime factors of m.
2, 4243
Let g(v) = -36*v**3 - 4*v**2 + 8*v - 4. Let w be g(1). Let s be ((-100)/6)/((-4)/18). Let j = w + s. What are the prime factors of j?
3, 13
Suppose x = -5*f + 23, 0 = -2*f + 5*f + 3*x - 9. Suppose 3*c = c - f*w + 31, 3*c + 4*w - 64 = 0. Let d = -4 + c. List the prime factors of d.
2, 3
Let r = 13354 + -8425. Suppose 15467 = 11*u + r. List the prime factors of u.
2, 479
Let c(i) = 91*i**2 + 299*i - 1199. What are the prime factors of c(4)?
1453
Suppose -m = 4*q - 27173, -5*m - 5*q = -31564 - 104271. List the prime factors of m.
3, 5, 1811
Let r(u) = 2*u**3 - 23*u**2 - 42*u + 16. Let v(z) = z**3 - 12*z**2 - 21*z + 8. Let x(g) = 3*r(g) - 5*v(g). What are the prime factors of x(13)?
3, 137
Let v(n) = 2*n**2 - 16. Let i be v(-6). Let s = 36 - i. Let d = s - -46. List the prime factors of d.
2, 13
Let o(f) = -4*f**2 + 28*f + 16. Let t(s) = 9*s**2 - 56*s - 32. Let x(q) = 5*o(q) + 2*t(q). Let p be x(15). List the prime factors of (-1827)/p*4/6.
3, 29
Let n = -182 + 888. Let y = -459 + n. List the prime factors of y.
13, 19
Let r(k) = -1336*k + 52. List the prime factors of r(-5).
2, 3, 11, 17
Let d = -39 - -214. Suppose 3*s = -z + 292, -z - 23 = -2*s + d. What are the prime factors of -4 - 110/(-25) - s/(-5)?
2, 5
Suppose 3*d - 6342 = -3*d + 2*w, 1061 = d + w. List the prime factors of d.
2, 23
Suppose 5*v + 106*g - 30430 = 101*g, 4*v = 5*g + 24308. List the prime factors of v.
2, 3041
Let i = 8744 - 97. List the prime factors of i.
8647
Let c(o) = -982*o - 1937. List the prime factors of c(-4).
11, 181
What are the prime factors of (-3)/((-27)/(-9))*(-3106 - 5)?
3, 17, 61
Let l(s) be the third derivative of -s**5/60 + s**4/2 + 13*s**3 + 12*s**2. What are the prime factors of l(13)?
5, 13
Suppose v + 9*v - 20 = 0. Suppose v*m = m + 4. Suppose -4*l + p + 946 = 0, -m*l + 4*p + 940 = -0*l. List the prime factors of l.
3, 79
Suppose -4*r = -4*w - 141 - 195, -4*w - 376 = 4*r. Let g = 408 - w. List the prime factors of g.
7, 71
What are the prime factors of (1518/1287 + 4/26)*7269?
2, 2423
Let u(p) = 2*p**2 - 7*p + 4. Let c be u(6). Let r be (-3)/(6*-1)*34*c. Let q = r - 387. What are the prime factors of q?
191
Let s(u) = 2*u**2 - 19*u + 41. Let m be s(4). List the prime factors of 8 + 408 + -14 - 2*m.
2, 3, 17
What are the prime factors of 79/(316/(-120))*(-823 + 0)?
2, 3, 5, 823
Suppose -6899 = -4*c + 5*z + 7478, -2*c - 2*z = -7202. Suppose 2*p - c = -p + 4*f, -3574 = -3*p - 2*f. What are the prime factors of p?
2, 3, 199
Let r(d) = -d**3 - 26*d**2 - 10*d + 41. Let n(v) = -3*v**3 - 48*v**2 - 20*v + 81. Let w(b) = 2*n(b) - 5*r(b). List the prime factors of w(34).
3, 11
Let b be 1964/6 - (-4)/(-3). Suppose 0 = -2*w - 0*w - b. Let o = w - -387. What are the prime factors of o?
2, 7
Let n(z) = 6*z - 13. Suppose -10 = 2*o - 5*k, -2*o + 7*o + 8 = 4*k. Suppose 25*r - 20*r - 55 = o. What are the prime factors of n(r)?
53
Let l(z) = z**2 + 7*z + 2. Let f be l(-12). Let j(b) = 20*b - 257. Let n be j(13). Suppose n*w + f - 572 = 0. What are the prime factors of w?
2, 5, 17
What are the prime factors of (5 + 427)*54/4?
2, 3
Suppose -32*a = -34*a + 4548. Let i = a - 1604. List the prime factors of i.
2, 5, 67
Suppose -29*c - 65 = -34*c. Let f(u) = c + 47*u + 38*u - 3*u. List the prime factors of f(3).
7, 37
Let j(b) = 12*b**2 - 3*b. Let l be j(-1). Let f be (-12)/l*(-30)/12. Suppose -97 = -5*w - 3*p + 124, -178 = -4*w - f*p. What are the prime factors of w?
2, 23
Let k(y) = -546*y - 2332. What are the prime factors of k(-12)?
2, 5, 211
Suppose 5*i - 12 = v + 27, 0 = -2*i + 2*v + 14. Suppose -109 = -5*f + 2*k - 0*k, 4*k = -i. Suppose f*a + 710 = 26*a. List the prime factors of a.
2, 71
Let q(u) = -u**2 - 12*u + 21. Suppose -10 = 5*c, -43 + 5 = 2*w + 5*c. Let j be q(w). Let s = j - -29. What are the prime factors of s?
2, 11
Let d = -1855 - -1225. Let m = -299 - d. What are the prime factors of m?
331
Suppose -3*r + 1458 = 3*t, -3*t - 1464 = -6*t + 3*r. Let w = t + -48. List the prime factors of w.
439
Suppose -5*v - 3*t + 180546 = 0, -2*v - 71*t = -69*t - 72220. List the prime factors of v.
2, 3, 17, 59
Let p = 5 + 84. Suppose -13*t = -2*t - 462. Let m = p - t. What are the prime factors of m?
47
Suppose -5*a - 3*p = -49103, -a - 4*p + 1397 = -8410. What are the prime factors of a?
11, 19, 47
Let z = 9 + -5. Suppose -5*t = -z*t. List the prime factors of 166/2 - t/(-2).
83
Let b(g) = -64*g + 159. Let j be b(-13). Suppose -j = -5*q + 574. What are the prime factors of q?
313
List the prime factors of (-211499)/(-18) + (-11)/(-198).
2, 5, 47
Let m be (-4)/(-12)*2*684. List the prime factors of m/5 - (-12)/15.
2, 23
Let j = 109872 + -44567. List the prime factors of j.
5, 37, 353
Let o(n) = 54*n**3 - 25*n**2 - 22*n + 31. What are the prime factors of o(8)?
25903
Suppose -2*u - 3*s + 5 = 7, 3*s - 2 = -4*u. Suppose -b - 1088 = -j, 0 = -j + 5*b - u*b + 1098. What are the prime factors of j?
3, 19
Let a be 3 - (-208)/(-1 + 3). Let s = a - 96. Suppose 679 = s*f - 707. List the prime factors of f.
2, 3, 7
Suppose 5*g + 4*c - 21 = 0, -c = -0*g + 5*g - 24. Suppose -3*j - 938 + 276 = -g*x, -4*j = 2*x - 244. List the prime factors of x.
2, 5, 13
Let i(g) = -g**2 - 9*g + 57. Let s be i(4). Suppose -s*v = 5*v - 3280. What are the prime factors of v?
2, 41
Let t be 2077/5 + (-4)/10. Let b(n) = n**3 + 2*n**2 + 23*n - 53. Let a be b(5). Let g = t - a. List the prime factors of g.
2, 89
Let b(a) = -26*a - 130. Let i be b(-5). Suppose i = 16*w + 21*w - 58423. What are the prime factors of w?
1579
Let v(y) = y**2 - 4*y - 5. Let m(z) = z**3 + 6*z**2 + 3*z - 5. Let s be m(-5). Let a be v(s). Suppose -49*o + 51*o - 150 = a. What are the prime factors of o?
3, 5
Let q(f) = 7*f**3 - 19*f**2 + 7*f + 40. Let k(o) = 10*o**3 - 29*o**2 + 10*o + 59. Let r(b) = 5*k(b) - 7*q(b). What are the prime factors of r(15)?
3, 5, 47
Let c(v) = 32*v**2 - 71*v + 786. List the prime factors of c(27).
3, 7, 151
Let v(a) be the second derivative of a**5/20 - a**4/12 + a**3/2 - 147*a. Suppose 0 = -0*i - 5*i + 15. List the prime factors of v(i).
3
List the prime factors of 8 + (70470/3 - (-6 - (-13 - -6))).
23497
Let b = -16 - -16. Suppose b = -2*j - 42 - 72. Let x = j - -139. What are the prime factors of x?
2, 41
Suppose 108358 = -23*u + 325931 + 222509. List the prime factors of u.
2, 3, 1063
Suppose -3*p = c + c - 2195, -2*p - 2190 = -2*c. Let t = -502 + c. List the prime factors of t.
2, 3, 11
Let g be (9 - 8)/(3/4854). Suppose 190 = 4*s - g. What are the prime factors of s?
2, 113
Suppose 2*n - n - 3*o = 4, 0 = 2*o. Suppose z - 4*f - 100 = 0, -n*z + 2*z + 155 = f. Suppose 2*b - 2*x - z = 0, -3*x = 5 + 10. List the prime factors of b.
5, 7
Suppose -8*m + 0*m + 25722 = m. List the prime factors of m.
2, 1429
Let g be 320/(-28)*-5 + (-4)/28. Let h = g + -60. Let j(i) = -56*i + 6. List the prime factors of j(h).
2, 3, 29
List the prime factors of 9/(-12) - 122732/(-16).
2, 5, 13, 59
Let u be (-16080)/(-28) + 12/(-42). Let p = -137 + u. What are the prime factors of p?
19, 23
Suppose 13*x - 3496 = 5*x. Suppose 4*o = -4*q + 444, -3*o + 3*q + x = o. What are the prime factors of 3498/o - (-4)/(-5)?
31
Let s = -17339 - -25934. What are the prime factors of s?
3, 5, 191
Let i = 204 + -204. Suppose -3*b = -9, -2*j + 2*b = -i*b - 562. List the prime factors of j.
2, 71
Suppose 9*h - 191 = 295. Let o = -27 - -128. Let v = o - h. List the prime factors of v.
47
Let l = 4641 + 18237. List the prime factors of l.
2, 3, 31, 41
Suppose 31429 = 3*i - 8*p + 12*p, 0 = -5*i - 2*p + 52363. What are the prime factors of i?
37, 283
Let h(q) = 7*q**3 - 2*q**2 + 4*q - 3. Let r be h(3). Suppose -3*l + r = 5*v - 316, -2*v - 4*l + 190 = 0. List the prime factors of v.
101
Suppose 2*z - 5*s = 95, 5*z = 5*s + 291 - 31. Suppose w - 411 = -2*w. Suppose -4*g + w = -z. What are the prime factors of g?
2, 3
Let i = 57 + -54. Suppose -i*s = -l - 13, s + l = 10 + 1. Let j = 27 + s. What are the prime factors of j